 w = -20 - -16. Let g(b) = -2*b - 6. Let t(x) = 7 - 1 - x - 7. Let q(p) = g(p) - 3*t(p). Give q(w).
-7
Suppose 1397 = -27*m + 1478. Let u(v) be the first derivative of -v**4/4 + v**3 - v**2 + 2*v + 3. Calculate u(m).
-4
Let h = 24 - 17. Let p(a) = -3*a**2 - h*a - 5*a**2 + 9*a**2 - 2. Let y(l) = 68*l - 537. Let n be y(8). Give p(n).
-2
Let a = -823 + 825. Let t be a*5*(-2 - 36/(-15)). Let i(z) = -4*z + 9. What is i(t)?
-7
Let z(p) = -p**3 + 9*p**2 + 6. Let r = 51 - -69. Let j be (-3*(-2)/(-10))/((-8)/r). Determine z(j).
6
Let d(c) be the second derivative of c**6/120 + 7*c**5/60 + c**4/2 + c**3/2 + 109*c**2/2 + 35*c. Let r(q) be the first derivative of d(q). Determine r(-5).
-7
Let r(k) be the second derivative of -10*k**3/3 - 417*k**2/2 + 1255*k. What is r(-21)?
3
Let i(p) be the second derivative of -16*p + 0 + 3/2*p**3 + 1/8*p**4 - 3/2*p**2. Let j(d) be the first derivative of i(d). Give j(-6).
-9
Let r(t) = 4*t**2 + 5*t - 1. Let c be ((-220)/198)/(6/27). Give r(c).
74
Let a be 1/3 - 148/(-222)*19/(-2). Let x(v) = 9*v + 3. Determine x(a).
-51
Let s(i) = 16*i**3 - 15*i**2 - 159*i - 34. Let v(q) = -9*q**3 + 7*q**2 + 93*q + 17. Let j(l) = 4*s(l) + 7*v(l). Give j(10).
33
Let n(v) = -v + 9. Let g = 27 + -25. Suppose -93 = -g*y - 75. Give n(y).
0
Let j be ((-2)/6)/(26/(-234)). Let g(o) = 8 - 5*o**2 - 4 + o**j - 4*o - 4*o + 3*o. Calculate g(6).
10
Let y(d) be the second derivative of d**5/20 + 3*d**4/4 + 4*d**3/3 - 2*d. Let b = -179 + 42. Let a = 129 + b. Determine y(a).
0
Let k(q) = q + 5*q**3 + 287*q**2 - 286*q**2 - 7*q**3 - 1. What is k(1)?
-1
Let c(w) = -w**2 - 8*w - 6. Let x be c(-6). Let k(i) = -i**2 - x*i - 1010 + 1010. Calculate k(-6).
0
Let g(i) = -1257*i - 8 + 658*i + 633*i + 2*i**2. What is g(-17)?
-8
Suppose 2*m - 22 + 6 = 2*s, 2*s - 14 = -4*m. Let w(b) = -b + 2. Let u(y) = -y. Let n(f) = -4*u(f) - w(f). What is n(m)?
23
Let m(b) = -b**3 - 6*b**2 - 5*b + 9. Suppose 0 = 60*x - 82 + 382. Give m(x).
9
Let x = -1504 - -1514. Let r(i) = 7*i**2 - 70*i + 1. Let k be r(x). Let w(y) = -3 + 2 + y + 5*y**2 + 0*y. Determine w(k).
5
Let u = 0 + 3. Let k(o) be the first derivative of o**5/60 - o**4/12 + o**3/3 - 151*o**2/2 - 189. Let g(i) be the second derivative of k(i). Give g(u).
5
Let q(s) be the first derivative of 3*s**2/2 + 2*s + 1. Suppose -12 = 201*f - 198*f. Let t(z) = 10*z + 44. Let a be t(f). Calculate q(a).
14
Let a(z) be the second derivative of 2*z**3/3 - z**2/2 + 2*z. Let m = 1327 + -1329. Give a(m).
-9
Suppose -2*w + w = -2. Let u(p) = -34*p**2 - p**3 + 5 + 2*p**3 + 27*p**w - 2*p**3 - 6*p. Let g be u(-6). Let y(t) = -t + 5. Give y(g).
0
Let z(p) = -12*p**3 + p**2 - 2. Let d(o) = -37*o**3 + 3*o**2 - o - 7. Let h(i) = 2*d(i) - 7*z(i). Suppose 151221*m = 151448*m + 227. What is h(m)?
-9
Let a(s) = -s**3 + 7*s**2 - 8*s + 12. Let l be a(6). Let t(u) = -u**3 + 5*u + 3*u**2 - 4*u + 0*u**2 + l*u**2. What is t(3)?
3
Let o(g) be the third derivative of g**5/30 - 17*g**4/12 - 3*g**3/2 + 1442*g**2. Calculate o(17).
-9
Let n(u) be the first derivative of 9*u**2/2 + 11*u + 1499. Let m(h) = -h**2 + 3*h - 5. Let q be m(3). Give n(q).
-34
Let a(s) be the first derivative of -4*s**3/3 - s**2/2 + 1. Suppose -3*u = 2*u - o - 37, -4*o = u - 20. Suppose 0 = 6*q + 2*q + u. Give a(q).
-3
Let n(q) be the second derivative of q**4/12 + q**3 + 11*q**2/2 + 65*q + 4. Determine n(-4).
3
Let m(i) = -11*i**3 - 25*i**2 + 29*i + 4. Let j(d) = -8*d**3 - 17*d**2 + 20*d + 3. Let r(b) = 7*j(b) - 5*m(b). Give r(5).
1
Suppose 3*b - 4*b + 1 = 0. Let r = -436 + 439. Let m(a) = r*a - 4*a + 1 - 6*a. Calculate m(b).
-6
Suppose 4*f - 24 = 0, 186 = -18*d + 4*f - 234. Let m(n) = -n**3 - 21*n**2 + 24*n + 43. Calculate m(d).
-1
Let p(v) be the first derivative of -166 - 27/4*v**4 - v - 1/2*v**2 - 1/3*v**3. Give p(-1).
26
Let o(s) = 4*s**3 - 961*s**2 + 2139*s + 709. Let i be o(238). Let t(a) = -a + 7*a**2 - 3 + a**3 - 2*a**2 - a. What is t(i)?
7
Let z(b) be the first derivative of -b**2/2 + 18*b + 13063. Suppose -42 = -4*q - 2. What is z(q)?
8
Let u(r) = 17*r + 5. Let i = 2144 - 2145. Calculate u(i).
-12
Let h(t) = -3*t**2 - 1. Let f(l) = -22*l**2 - 2*l - 16. Let u(v) = f(v) - 7*h(v). What is u(4)?
-33
Let n(g) = 6*g - 17*g - 16*g**2 - 7*g - 21*g + g**3 - 29 + 6*g. Give n(18).
25
Let a(d) = d + 5. Let c = 289 + -149. Suppose -13*u = -3*u - c. Let q be (-66)/u + 16/(-56). Give a(q).
0
Let h(c) = 3 + c**3 - 12813*c - 2*c**2 + 25616*c - 12808*c. Give h(-3).
-27
Suppose 5*i = -0*i + 15, 0 = 3*g + 4*i - 24. Let l(c) = 5*c - g*c + 1 + c**2 + 4*c. Let d be (98 - 99)/(2/10). Calculate l(d).
1
Let x(w) = 22*w - 1744. Suppose -3*t = 3*g - t - 243, 2*g - t - 155 = 0. Calculate x(g).
-6
Let s(f) = -1 - 20*f - 20*f + 16*f + 30*f. Give s(-13).
-79
Suppose 7 = -5*i + 4*o + 32, 0 = -2*i - 4*o - 18. Let f(r) be the first derivative of -r**2/2 + 18. Calculate f(i).
-1
Let n(q) = q**3 - 5*q**2 - 10*q + 1. Let s(w) = w**2 + 13*w + 10. Let i be s(-12). Determine n(i).
-7
Let s(v) = -9*v**2 + 4*v + 13672 - 6843 + v**3 - 6826. What is s(6)?
-81
Let k(b) be the second derivative of -b**5/20 - b**4/6 + 5*b**3/6 + 7*b**2/2 + 2613*b. Calculate k(-4).
19
Let x(a) = 14*a - 100. Let s(t) = -108*t**2 - 752*t + 35. Let l be s(-7). Calculate x(l).
-2
Let c(z) = 41*z - 15. Let d(p) = 33*p - 16. Let r(h) = -5*c(h) + 6*d(h). Determine r(-12).
63
Let a(k) be the second derivative of -11*k**3/2 - 687*k**2/2 - 6010*k. Give a(-21).
6
Suppose -d = 5*l - 92, -26*l + 30*l - 3*d = 85. Let r(s) = -s**3 + 18*s**2 + 22*s - 47. Give r(l).
10
Let c(n) be the second derivative of 0 - 2/5*n**5 + 0*n**4 + 0*n**3 - 1/2*n**2 + 38*n. What is c(-1)?
7
Let v(y) = -y**3 - 12*y**2 - 21*y - 15. Let t be (-38 - (-3 - 8)) + 17. Calculate v(t).
-5
Let s(x) be the first derivative of 2*x**3/3 + 7*x**2/2 + 5*x - 3. Let a = 397 + -382. Suppose a*r = 10*r - 25. Give s(r).
20
Let q(h) be the first derivative of -h**2/2 + 31*h - 309. Calculate q(0).
31
Let d(m) be the second derivative of m**4/12 + 2*m**3/3 - 5*m**2/2 + 1427*m. Give d(-7).
16
Let u = 2711 + -2707. Let y(m) = -2*m**3 + 9*m**2 - m - 12. Determine y(u).
0
Let u(c) be the second derivative of -c**3/3 + 9*c**2/2 + 15*c + 3. Suppose -6*d + 12 = -3*d. Calculate u(d).
1
Let c(f) be the first derivative of f**7/840 - f**6/45 + f**5/12 + f**4/12 - 14*f**3/3 + 75. Let k(o) be the third derivative of c(o). Calculate k(7).
23
Let t(p) = 70 - 107 + 17 + 0*p + 0*p + 20*p. What is t(2)?
20
Suppose -34*z - 836 = -38*z. Suppose z = -3*g - 196. Let f be (8/(-6))/((-30)/g). Let m(x) = x**2 + 6*x + 4. Determine m(f).
4
Let p(j) = 6*j + 13. Let q(u) = 20*u + 37. Let m(o) = -8*p(o) + 3*q(o). Calculate m(3).
43
Suppose 2*t + 3*g - 26 = 0, 405*t + 5*g - 42 = 402*t. Let n(u) = -2*u**3 + u - 11. What is n(t)?
-135
Let y(o) be the third derivative of -5*o**4/12 - 371*o**3/6 + 3119*o**2. Calculate y(-37).
-1
Let b = -19 + 16. Let r be -1*(11/b + (-12)/9). Suppose -6*g + 8*g = -4*f + 30, -5*f + 4*g + r = 0. Let k(j) = -j**3 + 5*j**2 + 3. What is k(f)?
3
Suppose 18*j + 417 = 237. Let h(u) = -26*u - 276. Calculate h(j).
-16
Let q(v) be the first derivative of -v**4/4 - 8*v**3/3 + 4*v**2 - 12*v - 7809. What is q(-7)?
-117
Suppose 5*s = 3*k + 40, 17*k = 21*k + 2*s + 36. Let v(b) = 0 - 12*b - 7 + 1 + b**3 - 5 + 9*b**2. Give v(k).
9
Let c(b) = -3*b**3 - 24*b**2 - 2*b - 88. Let j(d) = 2*d**3 + 12*d**2 + 2*d + 44. Let x(n) = 3*c(n) + 5*j(n). Give x(12).
4
Let q(x) be the first derivative of -x**4/12 - x**3/3 - x**2/2 + 80*x + 128. Let d(v) be the first derivative of q(v). Calculate d(5).
-36
Let m(x) = 3*x - 23. Suppose -88*z + 500 = 53*z - 1897. What is m(z)?
28
Suppose 5*q - 29 = 5*y + 16, 2*y + 3*q = 7. Let o = 465 + -453. Let s(w) = -o*w + 6*w + 5*w. What is s(y)?
4
Let z(s) be the first derivative of s**3/3 + 15*s**2/2 + 64*s + 1451. Give z(-9).
10
Let q(b) = b**3 + 4*b**2 - 5*b - 3. Let f(x) = -x**3 - 24*x**2 + 24*x - 30. Let g be f(-25). Let r be (0 + -5)*(5 - (g - -9)). Determine q(r).
-3
Let l be 20/50 + 13/5. Suppose -u - l*u - 4 = -3*p, 5*p + 2*u = 24. Let w(m) = -2*m + 3*m - 5*m + m**2 + 2 + 1. What is w(p)?
3
Suppose -405*x - 3*n = -402*x - 57, -2*n - 32 = -3*x. Let h(m) = -5*m + 2*m - 7 - m**3 - 10*m + 15*m**2. What is h(x)?
7
Let b(p) = 16*p**3 + 5*p + 5. Let v = 8320 + -8321. Determine b(v).
-16
Let x